ppose -5*t - 4*j + 33 + 67 = 0, -4*t + 80 = -2*j. Suppose 7 = 3*c + 5*i, -5*c - t = -2*i + 4*i. Is (8 + c)*(-1)/((-2)/997) a prime number?
True
Let n be 135/(-315) - 3/(-7). Suppose -r + 2*g + 1266 + 239 = n, 0 = -r - g + 1496. Is r composite?
False
Let i = 6435 + -808. Is i a prime number?
False
Let k be ((-1 - -1)/(36/12))/3. Let j be 21/9 - (-1)/(-3). Is k - 0 - j - (-774)/6 a composite number?
False
Suppose 2*l - 48 = 10*l. Let v(g) = -301*g + 27. Let f be v(l). Suppose 3*o = 2*h + f, 0 = o + h + 267 - 878. Is o a prime number?
False
Let a = -11 + 13. Let k(c) = 184*c**3 + c**2 - 2*c - 1. Is k(a) prime?
True
Let u(l) = -3*l**3 - 2*l**2 + 2*l. Let d(x) = -3*x**3 - 2*x**2 + 3*x + 1. Let v(h) = 3*d(h) - 2*u(h). Let c = -445 + 441. Is v(c) a composite number?
True
Let b(o) = 6*o - 5. Let p(y) = -7*y + 6. Let c(n) = 5*b(n) + 4*p(n). Let t be c(-3). Is (-869)/(-1) + t + 3 + 4 prime?
False
Let k = 930 + 3105. Suppose -26*z + 33701 = k. Is z composite?
True
Suppose 9*g + 1 = 1. Suppose 11*k - 7*k - 940 = g. Is k prime?
False
Suppose -4*w = -1 - 7. Suppose -2*v + 3 = 1, -w*j + 2*v = -3358. Let y = j - 941. Is y a composite number?
False
Let z = -934370 - -2086959. Is z prime?
True
Let o(p) = 513*p**2 + 19*p + 56. Let v be o(-6). Suppose -t + v = 4*m, -4*m + 5*t + 13819 = -m. Is m a prime number?
True
Let d = 417926 + -181380. Is d prime?
False
Let c = -445 - -448. Suppose 0 = -2*w + 3*s + 5720 + 4820, c*w - 5*s - 15811 = 0. Is w composite?
True
Let p = 24 + -17. Let d(s) = -14*s**3 - 42*s**2 + 14*s + 22. Let w(x) = -5*x**3 - 14*x**2 + 5*x + 7. Let v(t) = -6*d(t) + 17*w(t). Is v(p) a prime number?
True
Let s(j) = j**3 - 2*j**2 - 299*j - 43. Is s(49) composite?
True
Let l(b) = 30*b**3 - 22*b**2 + 97*b - 934. Is l(25) prime?
False
Let x = 855495 - 519212. Is x prime?
False
Let r = 5635 + 7486. Is r prime?
True
Let u(b) = 7641*b**2 - 7*b - 33. Is u(4) a prime number?
False
Suppose 2*a - 5*w - 364621 = 0, -9*a + 1094025 = -3*a + 3*w. Is a a composite number?
False
Suppose 43*a - 12602379 - 4031698 = 0. Is a prime?
True
Suppose 0 = 577*o - 571*o - 1722156. Is o composite?
True
Let b = 6999 + -1198. Suppose 3*m = 5*h - 34538 + b, -4*h - 2*m = -22994. Suppose 0 = 4*x - r - h, -4*r + 5 = -11. Is x a prime number?
False
Suppose 6*r + 31 + 35 = 0. Let v(a) = -a**3 - 11*a**2 + 2*a + 20. Let y be v(r). Is (-15)/(y - 3) + 904 prime?
True
Suppose -5*c - 4*p + 10 = 0, p - 6 = -3*c - 3*p. Suppose 6*d + 11955 = 3*u + c*d, 11958 = 3*u - 3*d. Is u prime?
True
Let d(v) be the first derivative of -55*v**2/2 - 77*v + 125. Is d(-16) a prime number?
False
Let s be -1 + ((-18)/(-3))/(2 - 0). Suppose -s*i + 0*i = 4, -2*n - i = -3884. Is n a prime number?
False
Let j(c) = 54*c**3 - 7*c**2 - 4*c - 37. Let d be 14/7 + 0 + 4. Is j(d) a composite number?
False
Let x = -178700 - -280939. Is x a composite number?
True
Let u(t) = 1233*t + 4. Let n be 1*(-5)/((-15)/(-6)). Let m be u(n). Is (m + 3)*2/(2 - 4) a prime number?
True
Suppose -4*a = 2*a - 1352866 - 470576. Is a prime?
True
Let f(b) be the third derivative of -b**6/60 - 3*b**5/10 + 11*b**4/8 + 29*b**3/6 + 6*b**2 + 3*b. Is f(-15) a prime number?
False
Is (188107/7)/((15 + 6)/147) prime?
True
Suppose -5*z + 39*p + 866230 = 42*p, -6*z + 2*p = -1039504. Is z prime?
True
Let p = 281 + -166. Suppose 8*u - 4*s + 308 = 3*u, 2*s - 4 = 0. Let w = p + u. Is w a prime number?
False
Suppose 41*w = 33*w - 32. Is (2897 + 2)/(1 + 4 + w) a prime number?
False
Let i = -47 + 62. Let p = 800 - i. Is p a composite number?
True
Suppose -17606 = -10*d + 54184. Let y = d + -2276. Is y a prime number?
True
Suppose 0 = 5*b + 2*n - 14, -16*n + 8 = 2*b - 14*n. Suppose g + 4*d - 1207 = 0, -b*g + 2426 + 33 = -d. Is g a composite number?
True
Let d = -32 + 33. Is (-1)/((d - 4)*(-3)/(-10359)) a composite number?
False
Suppose 20*m = 9*m - 22. Is 1/m*(-65532)/86 a prime number?
False
Suppose -21*y + 8*y = -52. Suppose -16 = -4*g, 0 = -y*l - 3*g + 25145 + 7343. Is l prime?
False
Suppose s = 5*s - 16, -20 = -4*o - 3*s. Suppose -2*w - o*m - 214 = 0, 113 = -w - 0*w + 2*m. Let c = w + 722. Is c prime?
True
Let x = 15181 + 336934. Is x prime?
False
Let d(s) = 6*s**2 + 44 - 581*s + 287*s + 281*s. Is d(13) composite?
True
Let m be ((-3)/(-9)*15)/((-2)/52). Let i = m - -489. Is i a prime number?
True
Let s(t) = -4211*t + 3. Let d be s(-1). Suppose 8*n + d = 22. Let r = n - -3243. Is r prime?
True
Suppose 4*g = -3*v + 5*v - 1222, 4*g = 4*v - 2424. Let u = -28 + -382. Let w = u + v. Is w composite?
False
Suppose -12*d - 31*d - 2536699 + 13935096 = 0. Is d prime?
True
Suppose 9*m - 16940 = 4*m. Is (1/(-2))/((-14)/m) a prime number?
False
Let k(m) = -5*m + 11. Let l be k(2). Let c be l - (-74)/(-6) - (-8)/(-12). Is ((-2)/c)/(16/96)*211 a prime number?
True
Let q = -5 - -5. Suppose -432 = -5*p - q*z + 2*z, -4*z = p - 82. Suppose 82*x - p*x + 14644 = 0. Is x composite?
True
Suppose 10*d - 63189 = -l, 29998 + 33173 = l + d. Is l composite?
True
Let a(n) be the first derivative of 3*n**2/2 + 20*n + 23. Let l be a(-5). Suppose r = 5*v + 317, r + r - l*v - 634 = 0. Is r composite?
False
Suppose -a + 299584 = 3*l, 8*l - 399439 = 4*l + 5*a. Is l a composite number?
True
Let n(t) = -13*t - 10*t + 6*t - 6 - 28*t. Let f be n(-2). Let q = f - -79. Is q prime?
True
Let x = -618 + 293. Let n = 651 + x. Suppose f + 4*r + 0*r - n = 0, -2*f = -2*r - 622. Is f composite?
True
Let g(k) be the third derivative of k**5/15 - 7*k**4/8 + k**3/6 - k**2. Let a(u) = 54*u + 924. Let t be a(-17). Is g(t) prime?
True
Let f(a) = -2*a**3 + 8*a**2 - 11*a + 1. Let l be f(3). Let h(r) = -r**3 - 4*r**2 + 13*r - 21. Is h(l) prime?
False
Let g(k) = -1080*k - 317. Is g(-6) composite?
False
Suppose 28*q = -9*q - 67*q + 26614536. Is q prime?
False
Let k(h) = 68*h**2 - 9*h + 3. Let v be k(-6). Let r = v - -1836. Is r a composite number?
True
Suppose -5*c - 102230 = 5*f, 4*c + 2*f + 63870 + 17916 = 0. Is (2/7)/((-23)/c) a composite number?
True
Suppose -3*k = -3*w + 264111, 0 = -3*w - 3*k + 24406 + 239705. Is w a prime number?
True
Suppose -7*b - 20152 = -186934. Suppose -b = -11*i + 13189. Is i a composite number?
True
Let h = -33 + 36. Suppose h*n - 650 = -2*n. Suppose -2*d + 40 = -n. Is d composite?
True
Let z(t) = -t**3 - 17*t**2 - 19*t - 37. Suppose 2*j - 5*l + 7 = 0, 3*j - l + 38 = l. Let w be z(j). Suppose w*o - 16*o + 11975 = 0. Is o a composite number?
True
Let o = -1 - -5. Suppose 2*g = -o + 14. Suppose 598 = g*w + m, 3*w + 0*w + 3*m = 366. Is w a prime number?
False
Is 12/(-224)*-14 + 215234/8 a prime number?
False
Let z be (-4 + -1)*11/(330/(-54)). Suppose -45*v = -z*v - 124308. Is v a composite number?
True
Suppose -25 = -5*l + 20, 2*l - 683240 = -2*y. Is y composite?
True
Let s(a) = 2573*a**2 - 60*a - 606. Is s(-15) a prime number?
False
Let g = -39678 + 82612. Is g composite?
True
Suppose -199*i = -517*i + 29675442. Is i a prime number?
True
Let i = 1230101 - 253848. Is i prime?
True
Suppose -4*x + 38573 = -t, -9*x + 12*x = 4*t + 28920. Let k = x + -573. Is k prime?
False
Suppose -5*h = -12 - 8. Suppose 0 = -4*u + 10 + 2, h*i + 5*u = 2387. Is i composite?
False
Let u be (-5)/2*6/5 + -2530. Let n = u - -1230. Let b = n - -3080. Is b a composite number?
False
Let p = 13 + -14. Is 0 + p + (4 - -2891) prime?
False
Suppose -3*g = 2*g - 4*d - 1165, -4*d = -g + 249. Let h = 548 - g. Suppose -1270 + h = -3*u. Is u a composite number?
False
Let c(n) = 6*n**3 - n**2 + 6*n + 3. Let z be c(5). Let o(d) = 19*d**2 + 262*d - 1346. Let b be o(5). Let g = z - b. Is g composite?
True
Is 2182 + ((-261)/24 - -11 - 9/8) a composite number?
True
Let a(b) = 46*b**3 + 3*b**2 + 6*b - 12. Let r be a(5). Suppose r = 4*p + 1871. Suppose -2*m + p + 2113 = 0. Is m a composite number?
False
Suppose -139146 = -15*y - 27*y. Suppose 3*w + 4*a = 2*w + y, 5*w = -5*a + 16565. Is w prime?
True
Suppose -5*n + 0*k = -5*k + 66160, -3*k + 13224 = -n. Let f = n + 23735. Is f a composite number?
False
Suppose -5*d - 3*x = -4572124, -58*d + 57*d + 5*x = -914464. Is d prime?
True
Suppose -g = -19*t + 20*t - 261424, 4*t + 1307147 = 5*g. Is g composite?
False
Let p(v) be the second derivative of v**3/3 + 21*v**2/2 + 10*v. Let x be p(-7). Is 2/x - (-20500)/35 a prime number?
False
Is 1872/156 - (-2051092)/2 prime?
False
Let f(z) = -z. Let r